{"id":1826,"date":"2014-03-11T02:15:47","date_gmt":"2014-03-11T00:15:47","guid":{"rendered":"http:\/\/www.costin-media.de\/?page_id=1826"},"modified":"2025-11-21T18:31:43","modified_gmt":"2025-11-21T17:31:43","slug":"dienstleistungen","status":"publish","type":"page","link":"https:\/\/www.costin-media.de\/index.php\/dienstleistungen","title":{"rendered":"Dienstleistungen"},"content":{"rendered":"\n<p><strong>Profil costin-media : Kameramann, Regisseur, Licht Operator, &nbsp;Fotograf, Cutter, Bildtechniker&nbsp;in Mannheim<\/strong><\/p>\n\n\n<div class=\"wp-block-image\">\n<figure class=\"aligncenter size-large\"><img loading=\"lazy\" decoding=\"async\" width=\"576\" height=\"1024\" src=\"http:\/\/www.costin-media.de\/wp-content\/uploads\/2020\/08\/7DDD4FD5-D692-4EE2-B2C3-DD2D58BFB851-e1597134309493-576x1024.jpeg\" alt=\"\" class=\"wp-image-2041\" srcset=\"https:\/\/www.costin-media.de\/wp-content\/uploads\/2020\/08\/7DDD4FD5-D692-4EE2-B2C3-DD2D58BFB851-e1597134309493-576x1024.jpeg 576w, https:\/\/www.costin-media.de\/wp-content\/uploads\/2020\/08\/7DDD4FD5-D692-4EE2-B2C3-DD2D58BFB851-e1597134309493-169x300.jpeg 169w, https:\/\/www.costin-media.de\/wp-content\/uploads\/2020\/08\/7DDD4FD5-D692-4EE2-B2C3-DD2D58BFB851-e1597134309493-600x1067.jpeg 600w, https:\/\/www.costin-media.de\/wp-content\/uploads\/2020\/08\/7DDD4FD5-D692-4EE2-B2C3-DD2D58BFB851-e1597134309493.jpeg 720w\" sizes=\"(max-width: 576px) 100vw, 576px\" \/><\/figure>\n<\/div>\n\n\n<p><\/p>\n\n\n\n<p>Stefan Costin (Costin-Media Profil: Kameramann, Regisseur, Licht, in Mannheim, Deutschland und international)<\/p>\n\n\n\n<p><strong>Kameramann \/ Kameratechnik \/ Fotograf in Mannheim<\/strong><\/p>\n\n\n\n<p>Die Kernt\u00e4tigkeit von costin-media beeinhaltet die Arbeit mit und an der Kamera. Da dies ein weites Feld ist, ist es dabei von Vorteil vielf\u00e4ltig auf dem Gebiet zu sein. Zahlreiche Auftr\u00e4ge im Bereich der EB Kamera (Schulterkamera), Studiokamera, Remote Camera und auch mit der Spiegelreflexkamera (Canon 5D Mark II) f\u00fchren zu professionellen und langj\u00e4hrigen Erfahrungen. Dabei ist heutzutage HD ein Standard geworden, der sich sowohl in semiprofessionellen- als auch in Broadcast Produktionen durchgesetzt hat. Dabei werden immer wieder von Kunden Fotografenauftr\u00e4ge (z.T. auch Fotos und Videos) angefragt und auch gerne von costin-media bedient.<\/p>\n\n\n\n<p><strong>Cutter \/ Schnitt in Mannheim<\/strong><\/p>\n\n\n\n<p>Bei vielen Video- oder Film Projekten ist es ein Vorteil bei der Kameraarbeit schon an den Schnitt zu denken und die Arbeit eines Cutters zu verstehen. Um die ganze Produktion zu vereinfachen (kosten- und zeitsparender) bietet costin-media auch den kompletten Schnitt bis hin zum fertigen Produkt an. So muss z.B. das bereits gedrehte Material von einem zus\u00e4tzlichen Sichter im Schnitt aussortiert werden. Dadurch kann costin-media das komplette Angebot f\u00fcr Videos und Filme von Kamera, Schnitt bis hin zur Verbreitung (TV, Internet) abdecken. Zus\u00e4tzlich wird auch ein mobiler Schnittplatz inklusive Cutter von costin-media angeboten.<\/p>\n\n\n\n<p><strong>Regisseur in Mannheim<\/strong><\/p>\n\n\n\n<p>Eine Verbindung aus Kameramann und Cutter stellt der Regisseur dar. Durch zahlreiche Erfahrungen in diesen beiden Bereichen ist es costin-media m\u00f6glich Projekte auch leitend zu f\u00fchren. Dabei ist wichtig klare Vorstellungen zu haben (sowohl Kunde als auch Regisseur). Diese m\u00fcssen genauso den ausf\u00fchrenden Produktionsmitarbeitern (Kamera, Licht, Ton, Schnitt) verst\u00e4ndlich gemacht werden. So entstehen dann Endprodukte, die f\u00fcr Kundenzufriedenheit und somit auch Nachfolgeauftr\u00e4ge sorgen.<\/p>\n\n\n\n<p><strong>Lichtsetzender Kameramann in Mannheim<\/strong><\/p>\n\n\n\n<p>Jede Produktion, mag sie noch so klein sein, f\u00e4llt oder steht mit dem Licht. Dieses kann auch als Stilmittel (z.B. bei Spielfilmen, Werbung) genutzt werden. Vielf\u00e4ltige Auftr\u00e4ge und langj\u00e4hrige Erfahrungen schulen dabei das Auge. So kann costin-media auch diesen Bereich professionell abdecken wobei modernste Broadcast Technik zum Einsatz kommt.<\/p>\n\n\n\n<p><strong>Live Streaming \/ Greenbox \/ Realisation \/ Verbreitung \/ Sendeabwicklung in Mannheim<\/strong><\/p>\n\n\n\n<p>Da sich die Technik im TV- und Internet Bereich st\u00e4ndig weiterentwickelt und oftmals auch verschmelzen, ist kompetentes Fachwissen hier \u00fcberlebenswichtig. Die Verbreitungswege sollten zielf\u00fchrend zum Kunden bzw. Zuschauer sein, egal ob in der Sendeabwicklung eines TV Senders, beim Live Streaming (TV und Internet) oder in der Greenbox. Wichtig ist dabei, dass das Produkt beim Endverbraucher auch wirklich ankommt, sonst ist die ganze Arbeit und M\u00fche umsonst. Dieses Konzept wird bei costin-media in Zusammenarbeit mit den Kunden erstellt und durch fachspezifische Kooperationspartner weitergef\u00fchrt. So wird auch aus Ihrer Idee erst ein tragf\u00e4higes Konzept und anschlie\u00dfend daraus ein hochwertiges Endprodukt.<\/p>\n\n\n<div class=\"wp-block-image\">\n<figure class=\"aligncenter size-large\"><a href=\"http:\/\/www.costin-media.de\/wp-content\/uploads\/2014\/09\/009-e1411027392104.jpg\" data-rel=\"lightbox-image-0\" data-rl_title=\"\" data-rl_caption=\"\" title=\"\"><img loading=\"lazy\" decoding=\"async\" width=\"1024\" height=\"768\" src=\"http:\/\/www.costin-media.de\/wp-content\/uploads\/2014\/09\/009-1024x768.jpg\" alt=\"\" class=\"wp-image-1866\"\/><\/a><\/figure>\n<\/div>\n\n\n<p><\/p>\n\n\n\n<p class=\"has-text-align-center\"><span style=\"font-size: 16px;\"><strong>costin-media detaillierte angebotene Dienstleistungen in Mannheim<\/strong><\/span><\/p>\n\n\n\n<p><strong>1. costin-media : Filmen mit HDTV Kamera in Mannheim<br><\/strong>EB HDTV Kameramann : Schulterkamera, mit\/ohne Kamerastativ<br><span style=\"line-height: 1.5em;\">Studio-Kameramann (HD-TV) : Kamerapumpe, mit\/ohne Kamerastativ<br><\/span>E-Kameramann : mit oder ohne Kamerastativ<br><span style=\"line-height: 1.5em;\">Kameramann mit Digitaler Spiegelreflexkamera : mit Kamerastativ oder Kamera-Rack<br><\/span>Kameramann mit \u00dcbertragungswagen : Schulterkamera, mit oder ohne Stativ, Upload<br>Remote-Camera Operator : Steuerung ferngesteuerter Kamerasysteme<br><span style=\"line-height: 1.5em;\">VJ : Videojournalist<\/span><\/p>\n\n\n\n<p><strong>2. costin-media HD Schnitt, Cutter, Bildtechnik Mannheim<br><\/strong><span style=\"line-height: 1.5em;\">Mobiler HD Schnittplatz * Live Streaming * Animationen *<br><\/span>Cutter auf folgenden Systemen:<br>Adobe Premiere, Final Cut, Avid Studio, Avid Liquid, JVC Pro<br>Cutter bei TV- und Internet-Sendungen in HD<br>Cutter bei Musikvideos<br>Cutter bei Imagefilmen<br>Cutter bei Dokumentarfilmen<br>Cutter bei Werbespots<br>Cutter bei Messevideos<br>Bildtechniker bei TV- und Internet-Sendungen in HD<br>Bildtechniker bei Musikvideos<br>Bildtechniker bei Werbespots<br>Bildtechniker bei Messevideos<\/p>\n\n\n\n<p><strong>3. costin-media Regisseur \/ HD Bildmischer in Mannheim<br><\/strong><span style=\"line-height: 1.5em;\">Regisseur bei Live-Sendungen (HD-TV und Internet)<br><\/span>Regisseur bei Musikvideos<br>Regisseur bei Imagefilmen<br>Regisseur bei Dokumentarfilmen<br>Regisseur bei Werbespots<br>Regisseur bei Messevideos<br>Bildmischer bei Live-Sendungen (HD-TV und Internet)<br>Bildmischer bei Musikvideos<br>Bildmischer bei Imagefilmen<br>Bildmischer bei Werbespots<br>Bildmischer bei Messevideos<\/p>\n\n\n\n<p><strong>4. costin-media Light Operator HD-TV und Internet<br><\/strong>Lichtsetzender Kameramann in Mannheim<br>Light Operator bei Live-Sendungen (HD-TV und Internet)<br>Light Operator bei Musikvideos<br>Light Operator bei Imagefilmen<br>Light Operator bei Werbespots<br>Light Operator bei Messevideos<br>Lichtsetzender Kameramann bei Live-Sendungen (HD-TV und Internet)<br>Lichtsetzender Kameramann bei Musikvideos<br>Lichtsetzender Kameramann bei Imagefilmen<br>Lichtsetzender Kameramann bei Werbespots<br>Lichtsetzender Kameramann bei Messevideos<\/p>\n\n\n\n<p><strong>5. costin-media Sendeabwicklung und Live-Streaming<br><\/strong>Live Streaming \/ Greenbox in Mannheim<br>Live Streaming Operator (TV und Internet)<br>Greenbox Operator (Studio, Licht, Nachbearbeitung)<\/p>\n\n\n<div class=\"wp-block-image\">\n<figure class=\"aligncenter size-large\"><img loading=\"lazy\" decoding=\"async\" width=\"1024\" height=\"768\" src=\"http:\/\/www.costin-media.de\/wp-content\/uploads\/2020\/08\/6F8A92DE-38C3-4778-B4C2-7C97C50730ED-1024x768.jpeg\" alt=\"\" class=\"wp-image-2027\" srcset=\"https:\/\/www.costin-media.de\/wp-content\/uploads\/2020\/08\/6F8A92DE-38C3-4778-B4C2-7C97C50730ED-1024x768.jpeg 1024w, https:\/\/www.costin-media.de\/wp-content\/uploads\/2020\/08\/6F8A92DE-38C3-4778-B4C2-7C97C50730ED-300x225.jpeg 300w, https:\/\/www.costin-media.de\/wp-content\/uploads\/2020\/08\/6F8A92DE-38C3-4778-B4C2-7C97C50730ED-768x576.jpeg 768w, https:\/\/www.costin-media.de\/wp-content\/uploads\/2020\/08\/6F8A92DE-38C3-4778-B4C2-7C97C50730ED-600x450.jpeg 600w, https:\/\/www.costin-media.de\/wp-content\/uploads\/2020\/08\/6F8A92DE-38C3-4778-B4C2-7C97C50730ED-940x705.jpeg 940w, https:\/\/www.costin-media.de\/wp-content\/uploads\/2020\/08\/6F8A92DE-38C3-4778-B4C2-7C97C50730ED-1536x1152.jpeg 1536w, https:\/\/www.costin-media.de\/wp-content\/uploads\/2020\/08\/6F8A92DE-38C3-4778-B4C2-7C97C50730ED-2000x1500.jpeg 2000w, https:\/\/www.costin-media.de\/wp-content\/uploads\/2020\/08\/6F8A92DE-38C3-4778-B4C2-7C97C50730ED.jpeg 2048w\" sizes=\"(max-width: 1024px) 100vw, 1024px\" \/><\/figure>\n<\/div>\n\n\n<p><\/p>\n","protected":false},"excerpt":{"rendered":"<p>Profil costin-media : Kameramann, Regisseur, Licht Operator, &nbsp;Fotograf, Cutter, Bildtechniker&nbsp;in Mannheim Stefan Costin (Costin-Media Profil: Kameramann, Regisseur, Licht, in Mannheim, Deutschland und international) Kameramann \/ Kameratechnik \/ Fotograf in Mannheim Die Kernt\u00e4tigkeit von costin-media beeinhaltet die Arbeit mit und an der Kamera. Da dies ein weites Feld ist, ist es dabei von Vorteil vielf\u00e4ltig auf [&hellip;]<\/p>\n","protected":false},"author":1,"featured_media":0,"parent":0,"menu_order":0,"comment_status":"closed","ping_status":"open","template":"","meta":{"saved_in_kubio":false,"footnotes":""},"class_list":["post-1826","page","type-page","status-publish","hentry"],"aioseo_notices":[],"kubio_ai_page_context":{"short_desc":"","purpose":"general"},"_links":{"self":[{"href":"https:\/\/www.costin-media.de\/index.php\/wp-json\/wp\/v2\/pages\/1826","targetHints":{"allow":["GET"]}}],"collection":[{"href":"https:\/\/www.costin-media.de\/index.php\/wp-json\/wp\/v2\/pages"}],"about":[{"href":"https:\/\/www.costin-media.de\/index.php\/wp-json\/wp\/v2\/types\/page"}],"author":[{"embeddable":true,"href":"https:\/\/www.costin-media.de\/index.php\/wp-json\/wp\/v2\/users\/1"}],"replies":[{"embeddable":true,"href":"https:\/\/www.costin-media.de\/index.php\/wp-json\/wp\/v2\/comments?post=1826"}],"version-history":[{"count":0,"href":"https:\/\/www.costin-media.de\/index.php\/wp-json\/wp\/v2\/pages\/1826\/revisions"}],"wp:attachment":[{"href":"https:\/\/www.costin-media.de\/index.php\/wp-json\/wp\/v2\/media?parent=1826"}],"curies":[{"name":"wp","href":"https:\/\/api.w.org\/{rel}","templated":true}]}}