{"id":1469,"date":"2014-02-01T01:34:22","date_gmt":"2014-01-31T23:34:22","guid":{"rendered":"http:\/\/www.costin-media.de\/?page_id=1469"},"modified":"2025-11-14T11:59:12","modified_gmt":"2025-11-14T10:59:12","slug":"startseite","status":"publish","type":"page","link":"https:\/\/www.costin-media.de\/index.php\/startseite","title":{"rendered":"Vita"},"content":{"rendered":"<p style=\"text-align: center;\"><span style=\"font-size: 16px;\"><strong>Berufliche Daten<br \/>\n<\/strong><\/span>(F\u00fcr vollst\u00e4ndige Anzeige bei mobilen Ger\u00e4ten, bitte horizontal drehen)<\/p>\n<table class=\"aligncenter\" style=\"height: 4768px;\" border=\"0\" width=\"906\" cellspacing=\"10\" cellpadding=\"10\">\n<tbody>\n<tr>\n<td valign=\"top\" width=\"120\">\n<p class=\"tm8\" style=\"text-align: left;\"><strong><span class=\"tm9\">07\/2025<\/span><\/strong><\/p>\n<\/td>\n<td style=\"text-align: left;\" valign=\"top\" width=\"120\"><strong><span class=\"tm10\">11\/2025<\/span><\/strong><\/td>\n<td style=\"text-align: left;\" valign=\"top\" width=\"650\">\n<p class=\"tm8\"><strong><span class=\"tm9\">Mediengestalter Bild und Ton und Ausbilder<br \/>\n<\/span><span class=\"tm9\">691 Media, Heidelberg<\/span><\/strong><\/p>\n<\/td>\n<\/tr>\n<tr>\n<td valign=\"top\" width=\"120\">\n<p class=\"tm8\"><strong><span class=\"tm9\">05\/2023<\/span><\/strong><\/p>\n<\/td>\n<td valign=\"top\" width=\"120\">\n<p class=\"tm8\"><strong><span class=\"tm10\">11\/2023<\/span><\/strong><\/p>\n<\/td>\n<td valign=\"top\" width=\"650\">\n<p class=\"tm8\"><strong><span class=\"tm9\">Kameramann, Bildingenieur<br \/>\n<\/span><span class=\"tm9\">sporttotal, Rheinbach<\/span><\/strong><\/p>\n<\/td>\n<\/tr>\n<tr>\n<td valign=\"top\" width=\"120\">\n<p class=\"tm8\"><strong><span class=\"tm9\">10\/2022<\/span><\/strong><\/p>\n<\/td>\n<td valign=\"top\" width=\"120\">\n<p class=\"tm8\"><strong><span class=\"tm9\">10\/2022<\/span><\/strong><\/p>\n<\/td>\n<td valign=\"top\" width=\"650\">\n<p class=\"tm8\"><strong><span class=\"tm10\">Kameramann Tennis Turnier ATP<br \/>\nTV Skyline, K\u00f6ln<\/span><\/strong><\/p>\n<\/td>\n<\/tr>\n<tr>\n<td valign=\"top\" width=\"120\">\n<p class=\"tm8\"><strong><span class=\"tm9\">01\/2019<\/span><\/strong><\/p>\n<\/td>\n<td valign=\"top\" width=\"120\">\n<p class=\"tm8\"><strong><span class=\"tm9\">10\/2022<\/span><\/strong><\/p>\n<\/td>\n<td valign=\"top\" width=\"650\">\n<p class=\"tm8\"><strong><span class=\"tm9\">Kameramann<\/span><span class=\"tm9\"><br \/>\n<\/span><span class=\"tm10\">Hanisch TV, K\u00f6ln<\/span><\/strong><\/p>\n<\/td>\n<\/tr>\n<tr>\n<td valign=\"top\" width=\"120\">\n<p class=\"tm8\"><strong><span class=\"tm9\">01\/2018<\/span><\/strong><\/p>\n<\/td>\n<td valign=\"top\" width=\"120\">\n<p class=\"tm8\"><strong><span class=\"tm9\">10\/2024<\/span><\/strong><\/p>\n<\/td>\n<td valign=\"top\" width=\"650\">\n<p class=\"tm8\"><strong><span class=\"tm9\">Kameramann, Regisseur, Bildingenieur, Remote<\/span> <span class=\"tm9\">Camera<\/span> <span class=\"tm9\">Operator<\/span><span class=\"tm10\"><br \/>\n<\/span><span class=\"tm9\">MMC, K\u00f6ln<\/span><\/strong><\/p>\n<\/td>\n<\/tr>\n<tr>\n<td valign=\"top\" width=\"120\">\n<p class=\"tm8\"><strong><span class=\"tm9\">01\/2017<\/span><\/strong><\/p>\n<\/td>\n<td valign=\"top\" width=\"120\">\n<p class=\"tm8\"><strong><span class=\"tm9\">10\/2022<\/span><\/strong><\/p>\n<\/td>\n<td valign=\"top\" width=\"650\">\n<p class=\"tm8\"><strong><span class=\"tm9\">Bildtechniker<br \/>\nTVN, Hamburg<\/span><\/strong><\/p>\n<\/td>\n<\/tr>\n<tr>\n<td valign=\"top\" width=\"120\">\n<p class=\"tm8\"><strong><span class=\"tm9\">01\/2016<\/span><\/strong><\/p>\n<\/td>\n<td valign=\"top\" width=\"120\">\n<p class=\"tm8\"><strong><span class=\"tm9\">10\/2022<\/span><\/strong><\/p>\n<\/td>\n<td valign=\"top\" width=\"650\">\n<p class=\"tm8\"><strong><span class=\"tm9\">Bildingenieur<\/span><span class=\"tm9\"><br \/>\nTriofilm, D\u00fcsseldorf<\/span><\/strong><\/p>\n<\/td>\n<\/tr>\n<tr>\n<td valign=\"top\" width=\"120\">\n<p class=\"tm8\"><strong><span class=\"tm9\">01\/2016<\/span><\/strong><\/p>\n<\/td>\n<td valign=\"top\" width=\"120\">\n<p class=\"tm8\"><strong><span class=\"tm9\">10\/2024<\/span><\/strong><\/p>\n<\/td>\n<td valign=\"top\" width=\"650\">\n<p class=\"tm8\"><strong><span class=\"tm9\">Bildtechniker<br \/>\nNEP, Hannover<\/span><\/strong><\/p>\n<\/td>\n<\/tr>\n<tr>\n<td valign=\"top\" width=\"120\">\n<p class=\"tm8\"><strong><span class=\"tm9\">09\/2015<\/span><\/strong><\/p>\n<\/td>\n<td valign=\"top\" width=\"120\">\n<p class=\"tm8\"><strong><span class=\"tm9\">10\/2024<\/span><\/strong><\/p>\n<\/td>\n<td valign=\"top\" width=\"650\">\n<p class=\"tm8\"><strong><span class=\"tm9\">Kameramann, Cutter<br \/>\nFinder TV, K\u00f6ln<\/span><\/strong><\/p>\n<\/td>\n<\/tr>\n<tr>\n<td valign=\"top\" width=\"120\">\n<p class=\"tm8\"><strong><span class=\"tm9\">01\/2015<\/span><\/strong><\/p>\n<\/td>\n<td valign=\"top\" width=\"120\">\n<p class=\"tm8\"><strong><span class=\"tm9\">10\/2022<\/span><\/strong><\/p>\n<\/td>\n<td valign=\"top\" width=\"650\">\n<p class=\"tm8\"><strong><span class=\"tm9\">Kameramann, Cutter<br \/>\nNila TV, K\u00f6ln<\/span><\/strong><\/p>\n<\/td>\n<\/tr>\n<tr>\n<td valign=\"top\" width=\"120\">\n<p class=\"tm8\"><strong><span class=\"tm9\">01\/2015<\/span><\/strong><\/p>\n<\/td>\n<td valign=\"top\" width=\"120\">\n<p class=\"tm8\"><strong><span class=\"tm9\">10\/2022<\/span><\/strong><\/p>\n<\/td>\n<td valign=\"top\" width=\"650\">\n<p class=\"tm8\"><strong><span class=\"tm9\">Kameramann, Bildingenieur<br \/>\n<\/span><span class=\"tm9\">Crosscast, K\u00f6ln<\/span><\/strong><\/p>\n<\/td>\n<\/tr>\n<tr>\n<td valign=\"top\" width=\"120\">\n<p class=\"tm8\"><strong><span class=\"tm9\">06\/2014<\/span><\/strong><\/p>\n<\/td>\n<td valign=\"top\" width=\"120\">\n<p class=\"tm8\"><strong><span class=\"tm9\">10\/2022<\/span><\/strong><\/p>\n<\/td>\n<td valign=\"top\" width=\"650\">\n<p class=\"tm8\"><strong><span class=\"tm9\">Kameramann, Regisseur<\/span><span class=\"tm9\"><br \/>\nEndemol<\/span> <span class=\"tm9\">Shine, K\u00f6ln<\/span><\/strong><\/p>\n<\/td>\n<\/tr>\n<tr>\n<td valign=\"top\" width=\"120\">\n<p class=\"tm8\"><strong><span class=\"tm9\">05\/2014<\/span><\/strong><\/p>\n<\/td>\n<td valign=\"top\" width=\"120\">\n<p class=\"tm8\"><strong><span class=\"tm9\">10\/2024<\/span><\/strong><\/p>\n<\/td>\n<td valign=\"top\" width=\"650\">\n<p class=\"tm8\"><strong><span class=\"tm9\">Kameramann, Regisseur<br \/>\n<\/span><span class=\"tm9\">Domstadt.TV, K\u00f6ln<\/span><\/strong><\/p>\n<\/td>\n<\/tr>\n<tr>\n<td valign=\"top\" width=\"120\">\n<p class=\"tm8\"><strong><span class=\"tm9\">09\/2013<\/span><\/strong><\/p>\n<\/td>\n<td valign=\"top\" width=\"120\">\n<p class=\"tm8\"><strong><span class=\"tm9\">10\/2022<\/span><\/strong><\/p>\n<\/td>\n<td valign=\"top\" width=\"650\">\n<p class=\"tm8\"><strong><span class=\"tm9\">Kameramann, Remote<\/span> <span class=\"tm9\">Camera<\/span> <span class=\"tm9\">Operator, Streaming Operator<br \/>\n<\/span><span class=\"tm9\">T-Com, Bonn<\/span><\/strong><\/p>\n<\/td>\n<\/tr>\n<tr>\n<td valign=\"top\" width=\"120\">\n<p class=\"tm8\"><strong><span class=\"tm9\">08\/2013<\/span><\/strong><\/p>\n<\/td>\n<td valign=\"top\" width=\"120\">\n<p class=\"tm8\"><strong><span class=\"tm9\">01\/2021<\/span><\/strong><\/p>\n<\/td>\n<td valign=\"top\" width=\"650\">\n<p class=\"tm8\"><strong><span class=\"tm9\">Kameramann<br \/>\n<\/span><span class=\"tm9\">WIGE, WigeSolutions, N\u00fcrburgring TV, N\u00fcrburg<\/span><\/strong><\/p>\n<\/td>\n<\/tr>\n<tr>\n<td valign=\"top\" width=\"120\">\n<p class=\"tm8\"><strong><span class=\"tm9\">04\/2013<\/span><\/strong><\/p>\n<\/td>\n<td valign=\"top\" width=\"120\">\n<p class=\"tm8\"><strong><span class=\"tm9\">10\/2022<\/span><\/strong><\/p>\n<\/td>\n<td valign=\"top\" width=\"650\">\n<p class=\"tm8\"><strong><span class=\"tm9\">Regisseur, Kameramann, Bildingenieur<\/span><span class=\"tm9\"><br \/>\nAKK, Neu &#8211; Isenburg<\/span><\/strong><\/p>\n<\/td>\n<\/tr>\n<tr>\n<td valign=\"top\" width=\"120\">\n<p class=\"tm8\"><strong><span class=\"tm9\">01\/2013<\/span><\/strong><\/p>\n<\/td>\n<td valign=\"top\" width=\"120\">\n<p class=\"tm8\"><strong><span class=\"tm9\">10\/2022<\/span><\/strong><\/p>\n<\/td>\n<td valign=\"top\" width=\"650\">\n<p class=\"tm8\"><strong><span class=\"tm9\">Kameramann, Bildingenieur<br \/>\nSAT-Com, Heusenstamm<\/span><\/strong><\/p>\n<\/td>\n<\/tr>\n<tr>\n<td valign=\"top\" width=\"120\">\n<p class=\"tm8\"><strong><span class=\"tm9\">09\/2012<\/span><\/strong><\/p>\n<\/td>\n<td valign=\"top\" width=\"120\">\n<p class=\"tm8\"><strong><span class=\"tm9\">10\/2022<\/span><\/strong><\/p>\n<\/td>\n<td valign=\"top\" width=\"650\">\n<p class=\"tm8\"><strong><span class=\"tm9\">Kameramann, Regisseur<br \/>\n<\/span><span class=\"tm9\">Studio<\/span> <span class=\"tm9\">Berlin, Berlin<\/span><\/strong><\/p>\n<\/td>\n<\/tr>\n<tr>\n<td valign=\"top\" width=\"120\">\n<p class=\"tm8\"><strong><span class=\"tm9\">06\/2012<\/span><\/strong><\/p>\n<\/td>\n<td valign=\"top\" width=\"120\">\n<p class=\"tm8\"><strong><span class=\"tm9\">01\/2018<\/span><\/strong><\/p>\n<\/td>\n<td valign=\"top\" width=\"650\">\n<p class=\"tm8\"><strong><span class=\"tm9\">Kameramann, Cutter<\/span> <span class=\"tm9\">und<\/span> <span class=\"tm9\">Live-Schalten<br \/>\n<\/span><span class=\"tm9\">SKY, M\u00fcnchen<\/span><\/strong><\/p>\n<\/td>\n<\/tr>\n<tr>\n<td valign=\"top\" width=\"120\">\n<p class=\"tm8\"><strong><span class=\"tm9\">05\/2012<\/span><\/strong><\/p>\n<\/td>\n<td valign=\"top\" width=\"120\">\n<p class=\"tm8\"><strong><span class=\"tm9\">05\/2012<\/span><\/strong><\/p>\n<\/td>\n<td valign=\"top\" width=\"650\">\n<p class=\"tm8\"><strong><span class=\"tm9\">Kameramann<\/span> <span class=\"tm9\">Aktion\u00e4rsversammlung<br \/>\n<\/span><span class=\"tm9\">EADS, Amsterdam<\/span><\/strong><\/p>\n<\/td>\n<\/tr>\n<tr>\n<td valign=\"top\" width=\"120\">\n<p class=\"tm8\"><strong><span class=\"tm9\">05\/2012<\/span><\/strong><\/p>\n<\/td>\n<td valign=\"top\" width=\"120\">\n<p class=\"tm8\"><strong><span class=\"tm9\">05\/2012<\/span><\/strong><\/p>\n<\/td>\n<td valign=\"top\" width=\"650\">\n<p class=\"tm8\"><strong><span class=\"tm9\">Kameramann Konzert<br \/>\nBrings, K\u00f6ln<\/span><\/strong><\/p>\n<\/td>\n<\/tr>\n<tr>\n<td valign=\"top\" width=\"120\">\n<p class=\"tm8\"><strong><span class=\"tm9\">04\/2012<\/span><\/strong><\/p>\n<\/td>\n<td valign=\"top\" width=\"120\">\n<p class=\"tm8\"><strong><span class=\"tm9\">10\/2022<\/span><\/strong><\/p>\n<\/td>\n<td valign=\"top\" width=\"650\">\n<p class=\"tm8\"><strong><span class=\"tm9\">Kameramann, SNG-Operator<\/span><span class=\"tm9\"><br \/>\nrt1.tv, K\u00f6ln<\/span><\/strong><\/p>\n<\/td>\n<\/tr>\n<tr>\n<td valign=\"top\" width=\"120\">\n<p class=\"tm8\"><strong><span class=\"tm9\">03\/2012<\/span><\/strong><\/p>\n<\/td>\n<td valign=\"top\" width=\"120\">\n<p class=\"tm8\"><strong><span class=\"tm9\">03\/2012<\/span><\/strong><\/p>\n<\/td>\n<td valign=\"top\" width=\"650\">\n<p class=\"tm8\"><strong><span class=\"tm9\">Kameramann<\/span><span class=\"tm9\"><br \/>\nEISEN 2012 Preisverleihung, K\u00f6ln<\/span><\/strong><\/p>\n<\/td>\n<\/tr>\n<tr>\n<td valign=\"top\" width=\"120\">\n<p class=\"tm8\"><strong><span class=\"tm9\">02\/2012<\/span><\/strong><\/p>\n<\/td>\n<td valign=\"top\" width=\"120\">\n<p class=\"tm8\"><strong><span class=\"tm9\">02\/2012<\/span><\/strong><\/p>\n<\/td>\n<td valign=\"top\" width=\"650\">\n<p class=\"tm8\"><strong><span class=\"tm9\">Bildingenieur<br \/>\nDating in the Dark<\/span><span class=\"tm10\">, Amsterdam<\/span><\/strong><\/p>\n<\/td>\n<\/tr>\n<tr>\n<td valign=\"top\" width=\"120\">\n<p class=\"tm8\"><strong><span class=\"tm9\">01\/2012<\/span><\/strong><\/p>\n<\/td>\n<td valign=\"top\" width=\"120\">\n<p class=\"tm8\"><strong><span class=\"tm9\">01\/2012<\/span><\/strong><\/p>\n<\/td>\n<td valign=\"top\" width=\"650\">\n<p class=\"tm8\"><strong><span class=\"tm9\">Kameramann, Bildingenieur<br \/>\n<\/span><span class=\"tm9\">Eyeworks Holland, Amsterdam<\/span><\/strong><\/p>\n<\/td>\n<\/tr>\n<tr>\n<td valign=\"top\" width=\"120\">\n<p class=\"tm8\"><strong><span class=\"tm9\">08\/2011<\/span><\/strong><\/p>\n<\/td>\n<td valign=\"top\" width=\"120\">\n<p class=\"tm8\"><strong><span class=\"tm9\">08\/2011<\/span><\/strong><\/p>\n<\/td>\n<td valign=\"top\" width=\"650\">\n<p class=\"tm8\"><strong><span class=\"tm9\">Kameramann, Realisator<\/span><span class=\"tm10\"> und <\/span><span class=\"tm9\">Cutter<\/span> <span class=\"tm9\">Imagefilm<br \/>\nLG Electronics, D\u00fcsseldorf<\/span><\/strong><\/p>\n<\/td>\n<\/tr>\n<tr>\n<td valign=\"top\" width=\"120\">\n<p class=\"tm8\"><strong><span class=\"tm9\">07\/2011<\/span><\/strong><\/p>\n<\/td>\n<td valign=\"top\" width=\"120\">\n<p class=\"tm8\"><strong><span class=\"tm9\">07\/2011<\/span><\/strong><\/p>\n<\/td>\n<td valign=\"top\" width=\"650\">\n<p class=\"tm8\"><strong><span class=\"tm9\">Kameramann, Bildtechniker Werbespot<br \/>\n<\/span><span class=\"tm9\">Febreze<\/span><span class=\"tm10\">, Berlin <\/span><\/strong><\/p>\n<\/td>\n<\/tr>\n<tr>\n<td valign=\"top\" width=\"120\">\n<p class=\"tm8\"><strong><span class=\"tm9\">04\/2011<\/span><\/strong><\/p>\n<\/td>\n<td valign=\"top\" width=\"120\">\n<p class=\"tm8\"><strong><span class=\"tm9\">09\/2011<\/span><\/strong><\/p>\n<\/td>\n<td valign=\"top\" width=\"650\">\n<p class=\"tm8\"><strong><span class=\"tm9\">Regisseur<br \/>\n<\/span><span class=\"tm9\">Big Brother 11, K\u00f6ln<\/span><\/strong><\/p>\n<\/td>\n<\/tr>\n<tr>\n<td valign=\"top\" width=\"120\">\n<p class=\"tm8\"><strong><span class=\"tm9\">01\/2010<\/span><\/strong><\/p>\n<\/td>\n<td valign=\"top\" width=\"120\">\n<p class=\"tm8\"><strong><span class=\"tm9\">08\/2010<\/span><\/strong><\/p>\n<\/td>\n<td valign=\"top\" width=\"650\">\n<p class=\"tm8\"><strong><span class=\"tm9\">Kameramann, Regisseur<\/span><span class=\"tm10\"><br \/>\n<\/span><span class=\"tm9\">Big Brother 10, K\u00f6ln<\/span><\/strong><\/p>\n<\/td>\n<\/tr>\n<tr>\n<td valign=\"top\" width=\"120\">\n<p class=\"tm8\"><strong><span class=\"tm9\">08\/2009<\/span><\/strong><\/p>\n<\/td>\n<td valign=\"top\" width=\"120\">\n<p class=\"tm8\"><strong><span class=\"tm9\">08\/2009<\/span><\/strong><\/p>\n<\/td>\n<td valign=\"top\" width=\"650\">\n<p class=\"tm8\"><strong><span class=\"tm9\">Kameramann<\/span> <span class=\"tm9\">Dokumentarfilm<\/span> <span class=\"tm9\">Naturathlon<\/span> <span class=\"tm9\">2009<\/span><span class=\"tm9\"><br \/>\n<\/span><\/strong><strong><span class=\"tm9\">4television, K\u00f6ln<\/span><\/strong><\/p>\n<\/td>\n<\/tr>\n<tr>\n<td valign=\"top\" width=\"120\">\n<p class=\"tm8\"><strong><span class=\"tm9\">04\/2009<\/span><\/strong><\/p>\n<\/td>\n<td valign=\"top\" width=\"120\">\n<p class=\"tm8\"><strong><span class=\"tm9\">10\/2022<\/span><\/strong><\/p>\n<\/td>\n<td valign=\"top\" width=\"650\">\n<p class=\"tm8\"><strong><span class=\"tm9\">Kameramann<br \/>\nK\u00f6ln Messe, K\u00f6ln<\/span><\/strong><\/p>\n<\/td>\n<\/tr>\n<tr>\n<td valign=\"top\" width=\"120\">\n<p class=\"tm8\"><strong><span class=\"tm9\">09\/2007<\/span><\/strong><\/p>\n<\/td>\n<td valign=\"top\" width=\"120\">\n<p class=\"tm8\"><strong><span class=\"tm9\">05\/2009<\/span><\/strong><\/p>\n<\/td>\n<td valign=\"top\" width=\"650\">\n<p class=\"tm8\"><strong><span class=\"tm9\">Kameramann<br \/>\n<\/span><span class=\"tm9\">RTL News, K\u00f6ln<\/span><\/strong><\/p>\n<\/td>\n<\/tr>\n<tr>\n<td valign=\"top\" width=\"120\">\n<p class=\"tm8\"><strong><span class=\"tm9\">08\/2007<\/span><\/strong><\/p>\n<\/td>\n<td valign=\"top\" width=\"120\">\n<p class=\"tm8\"><strong><span class=\"tm9\">08\/2007<\/span><\/strong><\/p>\n<\/td>\n<td valign=\"top\" width=\"650\">\n<p class=\"tm8\"><strong><span class=\"tm9\">EB &#8211; Kameramann Raus aus den Schulden<br \/>\n<\/span><span class=\"tm9\">Frame by Frame, K\u00f6ln<\/span><\/strong><\/p>\n<\/td>\n<\/tr>\n<tr>\n<td valign=\"top\" width=\"120\">\n<p class=\"tm8\"><strong><span class=\"tm9\">08\/2006<\/span><\/strong><\/p>\n<\/td>\n<td valign=\"top\" width=\"120\">\n<p class=\"tm8\"><strong><span class=\"tm9\">08\/2006<\/span><\/strong><\/p>\n<\/td>\n<td valign=\"top\" width=\"650\">\n<p class=\"tm8\"><strong><span class=\"tm9\">Techniker<\/span><span class=\"tm10\">, <\/span><span class=\"tm9\">Produktion<\/span><span class=\"tm10\"> und<\/span><span class=\"tm9\"> Redaktion<br \/>\n<\/span><span class=\"tm9\">Anixe<\/span> <span class=\"tm9\">HD<\/span><span class=\"tm10\">, <\/span><span class=\"tm9\">Mannheim<\/span><\/strong><\/p>\n<\/td>\n<\/tr>\n<tr>\n<td valign=\"top\" width=\"120\">\n<p class=\"tm8\"><strong><span class=\"tm9\">03\/2006<\/span><\/strong><\/p>\n<\/td>\n<td valign=\"top\" width=\"120\">\n<p class=\"tm8\"><strong><span class=\"tm9\">01\/2007<\/span><\/strong><\/p>\n<\/td>\n<td valign=\"top\" width=\"650\">\n<p class=\"tm8\"><strong><span class=\"tm9\">Kameramann, Techniker<br \/>\n<\/span><span class=\"tm9\">Sport, Musikkonzerte und Werbefilme<br \/>\n<\/span><span class=\"tm9\">TV Unit, B\u00f6blingen<\/span><\/strong><\/p>\n<\/td>\n<\/tr>\n<tr>\n<td style=\"text-align: left;\" valign=\"top\" width=\"120\">\n<p class=\"tm8\"><strong><span class=\"tm9\">09\/2003<\/span><\/strong><\/p>\n<\/td>\n<td style=\"text-align: left;\" valign=\"top\" width=\"120\">\n<p class=\"tm8\"><strong><span class=\"tm9\">08\/2005<\/span><\/strong><\/p>\n<\/td>\n<td valign=\"top\" width=\"650\">\n<p class=\"tm8\" style=\"text-align: left;\"><strong><span class=\"tm9\">Ausbildung<\/span> <span class=\"tm9\">Mediengestalter<\/span> <span class=\"tm9\">Bild<\/span> <span class=\"tm9\">und<\/span> <span class=\"tm9\">Ton<br \/>\n<\/span><span class=\"tm9\">BTV4U, Ludwigsburg<\/span><\/strong><\/p>\n<\/td>\n<\/tr>\n<\/tbody>\n<\/table>\n<p class=\"tm8\"><img loading=\"lazy\" decoding=\"async\" class=\"aligncenter size-full wp-image-1512\" src=\"http:\/\/www.costin-media.de\/wp-content\/uploads\/2014\/02\/studiocamera.jpg\" alt=\"studiocamera\" width=\"640\" height=\"480\" srcset=\"https:\/\/www.costin-media.de\/wp-content\/uploads\/2014\/02\/studiocamera.jpg 640w, https:\/\/www.costin-media.de\/wp-content\/uploads\/2014\/02\/studiocamera-300x225.jpg 300w, https:\/\/www.costin-media.de\/wp-content\/uploads\/2014\/02\/studiocamera-600x450.jpg 600w\" sizes=\"(max-width: 640px) 100vw, 640px\" \/><\/p>\n<p style=\"text-align: center;\"><span style=\"font-size: 16px;\"><strong>Beruflicher Werdegang von Stefan Costin<\/strong><\/span><\/p>\n<p>Seit 2025 ist Stefan Costin in Mannheim und Umgebung t\u00e4tig und wohnhaft.<br \/>\nDie Mischung aus unterschiedlichen Bereichen l\u00e4sst seine Arbeit immer abwechslungsreich und gleichzeitig spannend werden.<\/p>\n<p>Seit 2013 ist mit dem Sportbereich (SKY, WIGE, AKK-TV, Rt1.tv) eine wachsende Menge an zufriedenen Stammkunden hinzugekommen.<br \/>\nGleichzeitig werden regelm\u00e4\u00dfig Messevideos, Imagefilme oder auch Werbungen produziert.<br \/>\nEin weiteres T\u00e4tigkeitsfeld sind Konzerte oder auch Musikvideos von unterschiedlichsten K\u00fcnstlern geworden.<\/p>\n<p>2012 war Stefan Costin f\u00fcr eine Dokumentarserie in Amsterdam im Auftrag von Eyeworks Holland t\u00e4tig. Anschliessend wurde er f\u00fcr Dating in the Dark (Holland) \u00fcber Filmpartners United gebucht.<\/p>\n<p>Stefan Costin wurde 2011 bei mehreren Werbespots f\u00fcr Febreze f\u00fcr In- und Ausland (Deutschland, Spanien, Frankreich, Italien, England und Holland) eingesetzt.<\/p>\n<p>2009 war Stefan Costin Kameramann beim Dokumentarfilm \u00fcber den Naturathlon (Sportereignis in Ungarn, Slowenien, \u00d6sterreich, Tschechien, Slowakei, Frankreich und der BRD) f\u00fcr ARD, ZDF, N-TV und MDR durch Europa unterwegs.<\/p>\n<p>Zus\u00e4tzlich war er f\u00fcr viele spannende Imagefilme verantwortlich ( LG Electronics und Messe K\u00f6ln ).<br \/>\nStefan Costin konnte auch T-Home zu seinen zufriedenen Stammkunden z\u00e4hlen.<br \/>\nF\u00fcr die T-Home Plattform wurden Filmbeitr\u00e4ge gedreht und geschnitten.<\/p>\n<p>Anfang 2007 zog es Stefan Costin in die Medienstadt K\u00f6ln.<br \/>\nDort arbeitete er zun\u00e4chst bei Big Brother als Kameramann. Dieses Projekt begleitete er immer wieder und 2011 wurde er dort Regisseur.<\/p>\n<p>Ab 2005 war er f\u00fcr verschiedene TV Produktionsfirmen t\u00e4tig. Unter anderem auch f\u00fcr TV Unit, wo er bei zahlreiche Sportveranstaltungen (DFB Pokal, 1. und 2. Fussballbundesliga, UEFA CUP, Handball Europameisterschaft) eingesetzt wurde.<\/p>\n<p style=\"text-align: left;\">2003 machte Stefan Costin eine Ausbildung zum Mediengestalter Bild und Ton, die er 2005 erfolgreich abschloss. Dabei hatte er f\u00fcr den schulischen Teil Dozenten beim SWR in Baden-Baden.<br \/>\nDen betrieblichen Teil absolvierte er bei BTV4U in Ludwigsburg.<br \/>\nDort war er Teil folgender Abteilungen :<br \/>\n\u2022 Produktion<br \/>\n\u2022 Sendeabwicklung<br \/>\n\u2022 Nachrichtenredaktion<br \/>\n\u2022 Grafik<br \/>\n\u2022 Schnitt<\/p>\n<p style=\"text-align: left;\"><a href=\"http:\/\/www.costin-media.de\/wp-content\/uploads\/2020\/08\/B81CAE02-59E6-487F-901C-D69623704ACC.jpeg\" data-rel=\"lightbox-image-0\" data-rl_title=\"\" data-rl_caption=\"\" title=\"\"><img loading=\"lazy\" decoding=\"async\" class=\" wp-image-2034 aligncenter\" src=\"http:\/\/www.costin-media.de\/wp-content\/uploads\/2020\/08\/B81CAE02-59E6-487F-901C-D69623704ACC-600x450.jpeg\" alt=\"\" width=\"603\" height=\"452\" srcset=\"https:\/\/www.costin-media.de\/wp-content\/uploads\/2020\/08\/B81CAE02-59E6-487F-901C-D69623704ACC-600x450.jpeg 600w, https:\/\/www.costin-media.de\/wp-content\/uploads\/2020\/08\/B81CAE02-59E6-487F-901C-D69623704ACC-300x225.jpeg 300w, https:\/\/www.costin-media.de\/wp-content\/uploads\/2020\/08\/B81CAE02-59E6-487F-901C-D69623704ACC-768x576.jpeg 768w, https:\/\/www.costin-media.de\/wp-content\/uploads\/2020\/08\/B81CAE02-59E6-487F-901C-D69623704ACC-1024x768.jpeg 1024w, https:\/\/www.costin-media.de\/wp-content\/uploads\/2020\/08\/B81CAE02-59E6-487F-901C-D69623704ACC-940x705.jpeg 940w, https:\/\/www.costin-media.de\/wp-content\/uploads\/2020\/08\/B81CAE02-59E6-487F-901C-D69623704ACC-2000x1500.jpeg 2000w, https:\/\/www.costin-media.de\/wp-content\/uploads\/2020\/08\/B81CAE02-59E6-487F-901C-D69623704ACC-1536x1152.jpeg 1536w, https:\/\/www.costin-media.de\/wp-content\/uploads\/2020\/08\/B81CAE02-59E6-487F-901C-D69623704ACC-2048x1536.jpeg 2048w\" sizes=\"(max-width: 603px) 100vw, 603px\" \/><\/a><\/p>\n<p class=\"tm8\">\n","protected":false},"excerpt":{"rendered":"<p>Berufliche Daten (F\u00fcr vollst\u00e4ndige Anzeige bei mobilen Ger\u00e4ten, bitte horizontal drehen) 07\/2025 11\/2025 Mediengestalter Bild und Ton und Ausbilder 691 Media, Heidelberg 05\/2023 11\/2023 Kameramann, Bildingenieur sporttotal, Rheinbach 10\/2022 10\/2022 Kameramann Tennis Turnier ATP TV Skyline, K\u00f6ln 01\/2019 10\/2022 Kameramann Hanisch TV, K\u00f6ln 01\/2018 10\/2024 Kameramann, Regisseur, Bildingenieur, Remote Camera Operator MMC, K\u00f6ln 01\/2017 10\/2022 [&hellip;]<\/p>\n","protected":false},"author":1,"featured_media":0,"parent":0,"menu_order":0,"comment_status":"open","ping_status":"open","template":"","meta":{"saved_in_kubio":false,"footnotes":""},"class_list":["post-1469","page","type-page","status-publish","hentry"],"aioseo_notices":[],"kubio_ai_page_context":{"short_desc":"","purpose":"general"},"_links":{"self":[{"href":"https:\/\/www.costin-media.de\/index.php\/wp-json\/wp\/v2\/pages\/1469","targetHints":{"allow":["GET"]}}],"collection":[{"href":"https:\/\/www.costin-media.de\/index.php\/wp-json\/wp\/v2\/pages"}],"about":[{"href":"https:\/\/www.costin-media.de\/index.php\/wp-json\/wp\/v2\/types\/page"}],"author":[{"embeddable":true,"href":"https:\/\/www.costin-media.de\/index.php\/wp-json\/wp\/v2\/users\/1"}],"replies":[{"embeddable":true,"href":"https:\/\/www.costin-media.de\/index.php\/wp-json\/wp\/v2\/comments?post=1469"}],"version-history":[{"count":0,"href":"https:\/\/www.costin-media.de\/index.php\/wp-json\/wp\/v2\/pages\/1469\/revisions"}],"wp:attachment":[{"href":"https:\/\/www.costin-media.de\/index.php\/wp-json\/wp\/v2\/media?parent=1469"}],"curies":[{"name":"wp","href":"https:\/\/api.w.org\/{rel}","templated":true}]}}