{"id":1438,"date":"2014-01-31T17:13:37","date_gmt":"2014-01-31T15:13:37","guid":{"rendered":"http:\/\/www.costin-media.de\/?page_id=1438"},"modified":"2025-12-05T02:10:10","modified_gmt":"2025-12-05T01:10:10","slug":"tv","status":"publish","type":"page","link":"https:\/\/www.costin-media.de\/index.php\/dienstleistungen\/tv","title":{"rendered":"TV"},"content":{"rendered":"<p><span style=\"font-size: 16px;\"><strong>Costin Media: TV &#8211; Projekte &amp; Leistungen Mannheim<\/strong><\/span><\/p>\n<p>Durch den Einsatz bei zahlreichen Fernsehanstalten und TV-Produktionsfirmen habe ich mir ein breites T\u00e4tigkeitsfeld erarbeitet. Ob in einer A\u00dc, Studio oder als EB-Kameramann, meine Einsatzm\u00f6glichkeiten sind vielschichtig. Zahlreiche Projekte in der Produktion (Bild, Ton) und meine Ausbildung zum Mediengestalter machen mich flexibel einsetzbar.<br \/>\nMein Angebot beinhaltet Regie und Bildmischung, genauso bin ich lichtsetzender Kameramann.<br \/>\nUm das Spektrum zu vervollst\u00e4ndigen kann ich auch den Ton und die Postproduktion als Cutter \u00fcbernehmen.<br \/>\nErfahrungen in folgenden Formaten:<br \/>\nDokumentation, Nachrichten, (skripted) Reality, Sportsendungen, Musikvideos, Live Sendungen, Konzerten, Firmen TV und Film<\/p>\n<p>Preise auf Anfrage<\/p>\n<p><iframe loading=\"lazy\" title=\"Alexander Zverev vs Felix Auger-Aliassime | Cologne 1 2020 Final Highlights\" width=\"500\" height=\"281\" src=\"https:\/\/www.youtube.com\/embed\/zsjJQwRFzSY?feature=oembed\" frameborder=\"0\" allow=\"accelerometer; autoplay; clipboard-write; encrypted-media; gyroscope; picture-in-picture; web-share\" referrerpolicy=\"strict-origin-when-cross-origin\" allowfullscreen><\/iframe><\/p>\n<p><iframe loading=\"lazy\" title=\"Eric Stehfest erh\u00e4lt Standing Ovations nach akrobatischen Eistanz | FINALE | Dancing on Ice | SAT.1\" width=\"500\" height=\"281\" src=\"https:\/\/www.youtube.com\/embed\/mVPBgS-Lfv4?feature=oembed\" frameborder=\"0\" allow=\"accelerometer; autoplay; clipboard-write; encrypted-media; gyroscope; picture-in-picture; web-share\" referrerpolicy=\"strict-origin-when-cross-origin\" allowfullscreen><\/iframe><\/p>\n","protected":false},"excerpt":{"rendered":"<p>Costin Media: TV &#8211; Projekte &amp; Leistungen Mannheim Durch den Einsatz bei zahlreichen Fernsehanstalten und TV-Produktionsfirmen habe ich mir ein breites T\u00e4tigkeitsfeld erarbeitet. Ob in einer A\u00dc, Studio oder als EB-Kameramann, meine Einsatzm\u00f6glichkeiten sind vielschichtig. Zahlreiche Projekte in der Produktion (Bild, Ton) und meine Ausbildung zum Mediengestalter machen mich flexibel einsetzbar. Mein Angebot beinhaltet Regie [&hellip;]<\/p>\n","protected":false},"author":1,"featured_media":0,"parent":1826,"menu_order":0,"comment_status":"closed","ping_status":"closed","template":"","meta":{"saved_in_kubio":false,"footnotes":""},"class_list":["post-1438","page","type-page","status-publish","hentry"],"aioseo_notices":[],"kubio_ai_page_context":{"short_desc":"","purpose":"general"},"_links":{"self":[{"href":"https:\/\/www.costin-media.de\/index.php\/wp-json\/wp\/v2\/pages\/1438","targetHints":{"allow":["GET"]}}],"collection":[{"href":"https:\/\/www.costin-media.de\/index.php\/wp-json\/wp\/v2\/pages"}],"about":[{"href":"https:\/\/www.costin-media.de\/index.php\/wp-json\/wp\/v2\/types\/page"}],"author":[{"embeddable":true,"href":"https:\/\/www.costin-media.de\/index.php\/wp-json\/wp\/v2\/users\/1"}],"replies":[{"embeddable":true,"href":"https:\/\/www.costin-media.de\/index.php\/wp-json\/wp\/v2\/comments?post=1438"}],"version-history":[{"count":0,"href":"https:\/\/www.costin-media.de\/index.php\/wp-json\/wp\/v2\/pages\/1438\/revisions"}],"up":[{"embeddable":true,"href":"https:\/\/www.costin-media.de\/index.php\/wp-json\/wp\/v2\/pages\/1826"}],"wp:attachment":[{"href":"https:\/\/www.costin-media.de\/index.php\/wp-json\/wp\/v2\/media?parent=1438"}],"curies":[{"name":"wp","href":"https:\/\/api.w.org\/{rel}","templated":true}]}}