{"id":1434,"date":"2014-01-31T17:12:54","date_gmt":"2014-01-31T15:12:54","guid":{"rendered":"http:\/\/www.costin-media.de\/?page_id=1434"},"modified":"2025-12-05T02:09:42","modified_gmt":"2025-12-05T01:09:42","slug":"internet-und-live-streaming","status":"publish","type":"page","link":"https:\/\/www.costin-media.de\/index.php\/dienstleistungen\/internet-und-live-streaming","title":{"rendered":"Internet und Live Streaming"},"content":{"rendered":"<p><span style=\"font-size: 16px;\"><strong>costin-media Online-TV: Internet- und Live Streaming &#8211; Leistungen Mannheim<\/strong><\/span><\/p>\n<p>Das Ph\u00e4nomen Internet bzw. Live Streaming hat inzwischen in fast allen Haushalten Einzug gehalten. Heute setzen viele Firmenkunden von costin-media auf dieses Medium.<br \/>\nDurch Live-Streaming, News, Dokumentationen, Musikvideos oder durch\u00a0Social Media ist es leicht und kosteng\u00fcnstig ein breites Publikum zu erreichen. Immer mehr Zuschauer verabschieden sich heute vom traditionellen TV und sehen im Internet die Zukunft.<br \/>\nWer m\u00f6chte die Aussicht verpassen, sich am Markt besser zu positionieren und damit gleichzeitig die Konkurrenz auszustechen ?<br \/>\nSo sind Erfahrungen von costin-media in der Zusammenarbeit mit T-Home und carnews.tv pr\u00e4gend f\u00fcr die Herangehensweise und Arbeitsweise in diesem Bereich.<br \/>\nDabei wird nat\u00fcrlich auf unterschiedliche Budgets und spezielle Kundenw\u00fcnsche R\u00fccksicht genommen.<br \/>\nF\u00fcr komplette Neueinsteiger im Internetbereich bietet costin-media auch Kooperationen mit erfahrenen Homepage Programmierern, Grafikern oder Webdesignern an.<br \/>\nLassen Sie sich davon in einem Beratungsgespr\u00e4ch bei costin-media \u00fcberzeugen.\u00a0F\u00fchren Sie so Ihre Firma und Ihr Produkt in die Erfolgsspur.<\/p>\n<p>Preise auf Anfrage<\/p>\n<p><iframe loading=\"lazy\" title=\"Pressekonferenz Beethoven Orchester Bonn United Nations Climate Change Goodwill Ambassador\" width=\"500\" height=\"281\" src=\"https:\/\/www.youtube.com\/embed\/bqD6j9qpfLw?feature=oembed\" frameborder=\"0\" allow=\"accelerometer; autoplay; clipboard-write; encrypted-media; gyroscope; picture-in-picture; web-share\" referrerpolicy=\"strict-origin-when-cross-origin\" allowfullscreen><\/iframe><\/p>\n<div class=\"youtube\" style=\"width: 350; height: 300;\"><iframe loading=\"lazy\" src=\"http:\/\/www.youtube.com\/embed\/V0D2U-U7hr4?wmode=transparent\" width=\"853\" height=\"480\" frameborder=\"0\" allowfullscreen=\"allowfullscreen\"><\/iframe><\/div>\n","protected":false},"excerpt":{"rendered":"<p>costin-media Online-TV: Internet- und Live Streaming &#8211; Leistungen Mannheim Das Ph\u00e4nomen Internet bzw. Live Streaming hat inzwischen in fast allen Haushalten Einzug gehalten. Heute setzen viele Firmenkunden von costin-media auf dieses Medium. Durch Live-Streaming, News, Dokumentationen, Musikvideos oder durch\u00a0Social Media ist es leicht und kosteng\u00fcnstig ein breites Publikum zu erreichen. Immer mehr Zuschauer verabschieden sich [&hellip;]<\/p>\n","protected":false},"author":1,"featured_media":0,"parent":1826,"menu_order":0,"comment_status":"closed","ping_status":"closed","template":"","meta":{"saved_in_kubio":false,"footnotes":""},"class_list":["post-1434","page","type-page","status-publish","hentry"],"aioseo_notices":[],"kubio_ai_page_context":{"short_desc":"","purpose":"general"},"_links":{"self":[{"href":"https:\/\/www.costin-media.de\/index.php\/wp-json\/wp\/v2\/pages\/1434","targetHints":{"allow":["GET"]}}],"collection":[{"href":"https:\/\/www.costin-media.de\/index.php\/wp-json\/wp\/v2\/pages"}],"about":[{"href":"https:\/\/www.costin-media.de\/index.php\/wp-json\/wp\/v2\/types\/page"}],"author":[{"embeddable":true,"href":"https:\/\/www.costin-media.de\/index.php\/wp-json\/wp\/v2\/users\/1"}],"replies":[{"embeddable":true,"href":"https:\/\/www.costin-media.de\/index.php\/wp-json\/wp\/v2\/comments?post=1434"}],"version-history":[{"count":0,"href":"https:\/\/www.costin-media.de\/index.php\/wp-json\/wp\/v2\/pages\/1434\/revisions"}],"up":[{"embeddable":true,"href":"https:\/\/www.costin-media.de\/index.php\/wp-json\/wp\/v2\/pages\/1826"}],"wp:attachment":[{"href":"https:\/\/www.costin-media.de\/index.php\/wp-json\/wp\/v2\/media?parent=1434"}],"curies":[{"name":"wp","href":"https:\/\/api.w.org\/{rel}","templated":true}]}}